-3a (base 16) in base 8?
-72
Convert -10012 (base 3) to base 4.
-1112
What is 8283 (base 13) in base 10?
18021
30014 (base 6) to base 16
f3a
What is 1297 (base 10) in base 13?
78a
-817 (base 10) to base 14
-425
Convert 13403 (base 5) to base 10.
1103
-1538 (base 14) to base 11
-2921
What is -7057 (base 13) in base 6?
-155311
What is -212112 (base 3) in base 4?
-21323
14e4 (base 16) to base 15
18b8
-615 (base 15) to base 11
-1036
53 (base 14) to base 12
61
-15627 (base 11) to base 15
-6801
What is -16ac (base 14) in base 15?
-1317
Convert -214215 (base 6) to base 14.
-66b1
What is -2423412 (base 5) in base 9?
-68345
Convert -100302 (base 4) to base 7.
-3063
27826 (base 9) to base 5
1101042
-15053 (base 11) to base 6
-242510
Convert -142140 (base 5) to base 2.
-1011100100000
What is -103 (base 5) in base 3?
-1001
Convert 158 (base 14) to base 4.
10102
-22022001 (base 3) to base 14
-22c1
-5b0a (base 13) to base 10
-12854
Convert 13168 (base 10) to base 14.
4b28
Convert -60a1 (base 12) to base 4.
-2203321
Convert 652 (base 7) to base 5.
2311
Convert 857 (base 12) to base 3.
1200011
Convert -acc8 (base 15) to base 7.
-211550
-3340 (base 5) to base 14
-258
Convert 8257 (base 12) to base 7.
56224
What is 67673 (base 8) in base 6?
340231
Convert 1a5a6 (base 13) to base 5.
3122022
Convert -391 (base 13) to base 11.
-519
Convert 1021000 (base 4) to base 3.
20102001
What is -473 (base 10) in base 6?
-2105
What is -656 (base 9) in base 6?
-2253
da (base 14) to base 2
11000000
What is 2233313 (base 5) in base 8?
115631
What is 2021 (base 8) in base 14?
545
What is 506a7 (base 11) in base 14?
1cdb2
Convert -10010100000 (base 2) to base 6.
-5252
-24725 (base 11) to base 13
-131c3
-10122 (base 5) to base 8
-1226
Convert -31130 (base 4) to base 16.
-35c
What is -a876 (base 13) in base 12?
-11677
Convert -a5fe (base 16) to base 11.
-29a21
What is 4de (base 16) in base 15?
581
-1581 (base 10) to base 16
-62d
Convert -1342 (base 7) to base 3.
-201021
What is 1577 (base 8) in base 12?
627
11120 (base 4) to base 5
2334
Convert 4c9b (base 14) to base 13.
618a
What is -3104 (base 5) in base 15?
-1be
-1363 (base 10) to base 15
-60d
Convert 542140 (base 6) to base 12.
21950
What is 83d (base 15) in base 13?
acc
-405 (base 15) to base 9
-1215
What is -45203 (base 7) in base 13?
-5276
What is -4143 (base 6) in base 2?
-1110011111
2016 (base 7) to base 9
856
What is -321322 (base 5) in base 6?
-122101
What is 85 (base 12) in base 11?
92
153114 (base 6) to base 14
563c
What is -11001100100 (base 2) in base 6?
-11324
What is -1101101101001 (base 2) in base 16?
-1b69
Convert 1010112 (base 3) to base 15.
39e
-3332 (base 9) to base 14
-c79
What is 4314 (base 5) in base 9?
718
What is 4303213 (base 5) in base 9?
120162
-2341 (base 16) to base 3
-110101021
Convert 36a0 (base 13) to base 6.
55451
Convert 11733 (base 8) to base 13.
2410
3104 (base 8) to base 7
4451
-11799 (base 14) to base 7
-235252
What is -12111 (base 15) in base 6?
-1122424
Convert 17156 (base 8) to base 3.
101200112
What is 414524 (base 6) in base 4?
20022310
What is 290 (base 15) in base 5?
4320
-1111111110 (base 2) to base 11
-84a
-1333 (base 5) to base 8
-332
-410 (base 13) to base 11
-577
Convert -103213 (base 4) to base 14.
-659
-1100001001 (base 2) to base 14
-3d7
What is -1100111111 (base 2) in base 4?
-30333
Convert 243441 (base 5) to base 14.
3526
What is -7aa8 (base 12) in base 11?
-a2a2
What is -3210 (base 9) in base 13?
-10c5
-14d5 (base 14) to base 10
-3715
What is 2cd (base 16) in base 9?
876
205234 (base 6) to base 16
4156
Convert -ce8 (base 15) to base 2.
-101101100110
Convert -1804 (base 9) to base 6.
-10221
Convert -2140 (base 7) to base 16.
-2fb
5c9 (base 15) to base 12
916
What is -27855 (base 9) in base 3?
-221221212
Convert -32008 (base 9) to base 12.
-102a5
13553 (base 7) to base 10
3713
-212200 (base 5) to base 14
-2887
What is -2a (base 11) in base 4?
-200
782a (base 13) to base 16
417f
Convert -1130412 (base 5) to base 11.
-14638
Convert -4774 (base 11) to base 10.
-6252
Convert -11043 (base 5) to base 13.
-476
Convert -3210 (base 4) to base 11.
-198
-1000110111111 (base 2) to base 12
-2767
Convert 364b (base 16) to base 8.
33113
What is 1928 (base 10) in base 9?
2572
1213211 (base 4) to base 13
302c
Convert 22ab (base 14) to base 11.
4593
What is 44b (base 16) in base 14?
587
Convert 260056 (base 7) to base 9.
72831
-509 (base 14) to base 15
-45e
Convert -11010 (base 6) to base 4.
-113232
3112133 (base 4) to base 2
11010110011111
What is -20021112 (base 3) in base 4?
-1013201
Convert 761 (base 15) to base 14.
870
What is 2120 (base 14) in base 13?
27a5
What is 1463 (base 9) in base 14?
594
-84 (base 11) to base 5
-332
Convert -221 (base 5) to base 11.
-56
What is -454 (base 13) in base 8?
-1351
-2564 (base 7) to base 13
-5a2
155 (base 7) to base 12
75
What is 100001001100100 (base 2) in base 5?
1020441
Convert -93a (base 14) to base 9.
-2437
Convert 22e (base 15) to base 3.
200022
Convert 198 (base 14) to base 12.
236
What is -21112 (base 3) in base 2?
-11001011
What is -313013 (base 4) in base 2?
-110111000111
What is -43030 (base 5) in base 16?
-b4a
-1238 (base 13) to base 2
-101000010110
What is -35 (base 6) in base 5?
-43
1212133 (base 4) to base 9
8887
-362d (base 14) to base 3
-110221222
Convert -100100 (base 3) to base 2.
-11111100
2203 (base 10) to base 8
4233
What is -12012001 (base 3) in base 4?
-323011
-5360 (base 7) to base 5
-30104
Convert -455 (base 16) to base 11.
-919
3347 (base 8) to base 3
2102110
-1024 (base 5) to base 2
-10001011
110301101 (base 4) to base 2
10100110001010001
-48a (base 11) to base 10
-582
Convert 2650 (base 7) to base 11.
843
What is 11100100110 (base 2) in base 16?
726
Convert 212022212 (base 3) to base 4.
10021232
-41614 (base 7) to base 16
-280c
What is -10004 (base 5) in base 16?
-275
269 (base 10) to base 6
1125
What is 1123 (base 4) in base 16?
5b
What is 220332 (base 4) in base 15?
b9c
Convert 3213 (base 5) to base 6.
2001
-44b3 (base 15) to base 16
-38e8
Convert -1002110 (base 3) to base 13.
-492
What is -157a0 (base 13) in base 2?
-1001111110011011
-1001011000 (base 2) to base 12
-420
What is -861 (base 10) in base 9?
-1156
Convert -5a (base 15) to base 14.
-61
Convert 36254 (base 7) to base 15.
2bb8
What is -2643 (base 7) in base 9?
-1343
What is -31220 (base 4) in base 7?
-2354
What is 30058 (base 12) in base 5?
3443101
What is 7ff (base 16) in base 7?
5653
Convert 2110121 (base 4) to base 16.
2519
What is -5ab (base 14) in base 15?
-506
What is 3000 (base 4) in base 14?
da
What is 10022111 (base 3) in base 13?
113b
Convert 20418 (base 11) to base 12.
152a1
Convert 101110101 (base 2) to base 6.
1421
Convert 3baa (base 16) to base 15.
47d4
Convert -111221102 (base 3) to base 14.
-39bd
Convert 764 (base 12) to base 8.
2074
What is -1367 (base 8) in base 9?
-1033
1021222100 (base 3) to base 9
37870
What is 821 (base 9) in base 6?
3031
What is -14420 (base 7) in base 16?
-f8f
Convert 156 (base 11) to base 6.
502
-11101000010011 (base 2) to base 10
-14867
What is -12101 (base 9) in base 16?
-1fa5
4437 (base 9) to base 15
e84
What is 263261 (base 7) in base 10?
49190
What is -269 (base 15) in base 14?
-2b3
Convert 1030 (base 12) to base 9.
2370
Convert 10162 (base 8) to base 7.
15163
What is -1051 (base 6) in base 10?
-247
Convert 211236 (base 7) to base 2.
1000111010000011
What is -11023323 (base 4) in base 12?
-10363
What is -2400 (base 5) in base 7?
-1010
304 (base 5) to base 4
1033
Convert 14313 (base 6) to base 5.
33102
10042110 (base 5) to base 6
1422321
What is 18a5 (base 12) in base 2?
101110111101
-111204 (base 5) to base 14
-1609
What is 1545 (base 9) in base 2?
10010010111
What is 11d8 (base 15) in base 9?
5185
What is 28406 (base 10) in base 16?
6ef6
What is 2103322 (base 4) in base 14?
3642
What is -2403 (base 6) in base 7?
-1455
-7db (base 14) to base 15
-6e5
Convert 94e5 (base 15) to base 14.
b694
-125 (base 7) to base 4
-1010
-2536 (base 9) to base 14
-996
Convert 623 (base 8) to base 2.
110010011
What is 1122200 (base 3) in base 14?
622
Convert 696 (base 10) to base 4.
22320
-24036 (base 7) to base 12
-3709
Convert 6033 (base 13) to base 10.
13224
Convert -507 (base 14) to base 6.
-4323
-1122 (base 6) to base 4
-10022
W